{"id":11,"date":"2025-04-29T07:51:02","date_gmt":"2025-04-29T10:51:02","guid":{"rendered":"https:\/\/psidainfancia.com.br\/?page_id=11"},"modified":"2025-05-13T16:00:08","modified_gmt":"2025-05-13T19:00:08","slug":"landing-page","status":"publish","type":"page","link":"https:\/\/psidainfancia.com.br\/","title":{"rendered":"Landing page"},"content":{"rendered":"\t\t<div data-elementor-type=\"wp-page\" data-elementor-id=\"11\" class=\"elementor elementor-11\">\n\t\t\t\t<div class=\"elementor-element elementor-element-c3ef04e e-flex e-con-boxed wpr-particle-no wpr-jarallax-no wpr-parallax-no wpr-sticky-section-no e-con e-parent\" data-id=\"c3ef04e\" data-element_type=\"container\">\n\t\t\t\t\t<div class=\"e-con-inner\">\n\t\t\t\t<div class=\"elementor-element elementor-element-96bcc4b elementor-widget elementor-widget-spacer\" data-id=\"96bcc4b\" data-element_type=\"widget\" data-widget_type=\"spacer.default\">\n\t\t\t\t<div class=\"elementor-widget-container\">\n\t\t\t\t\t\t\t<div class=\"elementor-spacer\">\n\t\t\t<div class=\"elementor-spacer-inner\"><\/div>\n\t\t<\/div>\n\t\t\t\t\t\t<\/div>\n\t\t\t\t<\/div>\n\t\t\t\t\t<\/div>\n\t\t\t\t<\/div>\n\t\t<div class=\"elementor-element elementor-element-e49827d e-flex e-con-boxed wpr-particle-no wpr-jarallax-no wpr-parallax-no wpr-sticky-section-no e-con e-parent\" data-id=\"e49827d\" data-element_type=\"container\">\n\t\t\t\t\t<div class=\"e-con-inner\">\n\t\t\t\t<div class=\"elementor-element elementor-element-abd851a elementor-widget__width-inherit elementor-widget elementor-widget-image\" data-id=\"abd851a\" data-element_type=\"widget\" data-widget_type=\"image.default\">\n\t\t\t\t<div class=\"elementor-widget-container\">\n\t\t\t\t\t\t\t\t\t\t\t\t\t\t\t<img fetchpriority=\"high\" decoding=\"async\" width=\"800\" height=\"450\" src=\"https:\/\/psidainfancia.com.br\/wp-content\/uploads\/2025\/04\/Borboleta-refletida-1024x576.png\" class=\"attachment-large size-large wp-image-14\" alt=\"\" srcset=\"https:\/\/psidainfancia.com.br\/wp-content\/uploads\/2025\/04\/Borboleta-refletida-1024x576.png 1024w, https:\/\/psidainfancia.com.br\/wp-content\/uploads\/2025\/04\/Borboleta-refletida-300x169.png 300w, https:\/\/psidainfancia.com.br\/wp-content\/uploads\/2025\/04\/Borboleta-refletida-768x432.png 768w, https:\/\/psidainfancia.com.br\/wp-content\/uploads\/2025\/04\/Borboleta-refletida.png 1366w\" sizes=\"(max-width: 800px) 100vw, 800px\" \/>\t\t\t\t\t\t\t\t\t\t\t\t\t\t\t<\/div>\n\t\t\t\t<\/div>\n\t\t\t\t\t<\/div>\n\t\t\t\t<\/div>\n\t\t<div class=\"elementor-element elementor-element-e9029d9 e-con-full e-flex wpr-particle-no wpr-jarallax-no wpr-parallax-no wpr-sticky-section-no e-con e-parent\" data-id=\"e9029d9\" data-element_type=\"container\">\n\t\t\t\t<div class=\"elementor-element elementor-element-52aa715 elementor-widget elementor-widget-heading\" data-id=\"52aa715\" data-element_type=\"widget\" data-widget_type=\"heading.default\">\n\t\t\t\t<div class=\"elementor-widget-container\">\n\t\t\t\t\t<h2 class=\"elementor-heading-title elementor-size-default\">Apoio emocional para crian\u00e7as!<\/h2>\t\t\t\t<\/div>\n\t\t\t\t<\/div>\n\t\t\t\t<\/div>\n\t\t<div class=\"elementor-element elementor-element-cca0920 e-flex e-con-boxed wpr-particle-no wpr-jarallax-no wpr-parallax-no wpr-sticky-section-no e-con e-parent\" data-id=\"cca0920\" data-element_type=\"container\">\n\t\t\t\t\t<div class=\"e-con-inner\">\n\t\t\t\t<div class=\"elementor-element elementor-element-3d756eb elementor-widget elementor-widget-heading\" data-id=\"3d756eb\" data-element_type=\"widget\" data-widget_type=\"heading.default\">\n\t\t\t\t<div class=\"elementor-widget-container\">\n\t\t\t\t\t<h2 class=\"elementor-heading-title elementor-size-default\">Se voc\u00ea chegou at\u00e9 aqui, isso revela que deseja o melhor para seus filhos!<\/h2>\t\t\t\t<\/div>\n\t\t\t\t<\/div>\n\t\t\t\t\t<\/div>\n\t\t\t\t<\/div>\n\t\t<div class=\"elementor-element elementor-element-9e68f1d e-flex e-con-boxed wpr-particle-no wpr-jarallax-no wpr-parallax-no wpr-sticky-section-no e-con e-parent\" data-id=\"9e68f1d\" data-element_type=\"container\">\n\t\t\t\t\t<div class=\"e-con-inner\">\n\t\t\t\t<div class=\"elementor-element elementor-element-0e37d92 elementor-widget elementor-widget-text-editor\" data-id=\"0e37d92\" data-element_type=\"widget\" data-widget_type=\"text-editor.default\">\n\t\t\t\t<div class=\"elementor-widget-container\">\n\t\t\t\t\t\t\t\t\t<p>Aqui tem atendimento psicol\u00f3gico especializado<\/p><p>no desenvolvimento emocional e comportamental<\/p><p>saud\u00e1vel das crian\u00e7as do Distrito Federal.<\/p>\t\t\t\t\t\t\t\t<\/div>\n\t\t\t\t<\/div>\n\t\t\t\t<div class=\"elementor-element elementor-element-958bac0 elementor-widget elementor-widget-spacer\" data-id=\"958bac0\" data-element_type=\"widget\" data-widget_type=\"spacer.default\">\n\t\t\t\t<div class=\"elementor-widget-container\">\n\t\t\t\t\t\t\t<div class=\"elementor-spacer\">\n\t\t\t<div class=\"elementor-spacer-inner\"><\/div>\n\t\t<\/div>\n\t\t\t\t\t\t<\/div>\n\t\t\t\t<\/div>\n\t\t\t\t\t<\/div>\n\t\t\t\t<\/div>\n\t\t<div class=\"elementor-element elementor-element-163b5bc e-con-full e-flex wpr-particle-no wpr-jarallax-no wpr-parallax-no wpr-sticky-section-no e-con e-parent\" data-id=\"163b5bc\" data-element_type=\"container\">\n\t\t<div class=\"elementor-element elementor-element-69987ef e-con-full e-flex wpr-particle-no wpr-jarallax-no wpr-parallax-no wpr-sticky-section-no e-con e-child\" data-id=\"69987ef\" data-element_type=\"container\">\n\t\t\t\t<div class=\"elementor-element elementor-element-2e11d52 elementor-widget elementor-widget-image\" data-id=\"2e11d52\" data-element_type=\"widget\" data-widget_type=\"image.default\">\n\t\t\t\t<div class=\"elementor-widget-container\">\n\t\t\t\t\t\t\t\t\t\t\t\t\t\t\t<img decoding=\"async\" width=\"800\" height=\"819\" src=\"https:\/\/psidainfancia.com.br\/wp-content\/uploads\/2025\/04\/Foto.png\" class=\"attachment-large size-large wp-image-16\" alt=\"\" srcset=\"https:\/\/psidainfancia.com.br\/wp-content\/uploads\/2025\/04\/Foto.png 960w, https:\/\/psidainfancia.com.br\/wp-content\/uploads\/2025\/04\/Foto-293x300.png 293w, https:\/\/psidainfancia.com.br\/wp-content\/uploads\/2025\/04\/Foto-768x786.png 768w\" sizes=\"(max-width: 800px) 100vw, 800px\" \/>\t\t\t\t\t\t\t\t\t\t\t\t\t\t\t<\/div>\n\t\t\t\t<\/div>\n\t\t\t\t<\/div>\n\t\t<div class=\"elementor-element elementor-element-62b6730 e-con-full e-flex wpr-particle-no wpr-jarallax-no wpr-parallax-no wpr-sticky-section-no e-con e-child\" data-id=\"62b6730\" data-element_type=\"container\">\n\t\t\t\t<div class=\"elementor-element elementor-element-5cb03ef elementor-widget elementor-widget-heading\" data-id=\"5cb03ef\" data-element_type=\"widget\" data-widget_type=\"heading.default\">\n\t\t\t\t<div class=\"elementor-widget-container\">\n\t\t\t\t\t<h2 class=\"elementor-heading-title elementor-size-default\">         Sobre mim<\/h2>\t\t\t\t<\/div>\n\t\t\t\t<\/div>\n\t\t\t\t<div class=\"elementor-element elementor-element-31c34a9 elementor-widget__width-initial elementor-widget elementor-widget-text-editor\" data-id=\"31c34a9\" data-element_type=\"widget\" data-widget_type=\"text-editor.default\">\n\t\t\t\t<div class=\"elementor-widget-container\">\n\t\t\t\t\t\t\t\t\t<p>\u00a0<\/p><p>Sou Psic\u00f3loga especialista em Terapias Cognitivas e Comportamentais aplicadas \u00e0 inf\u00e2ncia e adolesc\u00eancia.<\/p><p>Atuo como psic\u00f3loga cl\u00ednica de crian\u00e7as e adolescentes. Nos atendimentos, agrego diferentes teorias e conhecimentos, como: treinamento de pais, desenvolvimento humano, comunica\u00e7\u00e3o n\u00e3o violenta, t\u00e9cnicas de terapias cognitivas e comportamentais, teoria do apego, entre outras.<\/p><p>Eu tenho um compromisso \u00e9tico com meus pacientes e suas fam\u00edlias. Isso inclui n\u00e3o apenas o sigilo profissional, mas tamb\u00e9m a qualidade dos atendimentos &#8211; com recursos e estrat\u00e9gias que levam em conta o desenvolvimento da crian\u00e7a.<\/p><p>Para isso, busco o aprimoramento profissional cont\u00ednuo. Isso \u00e9 fundamental para proporcionar um processo terap\u00eautico qualificado, cuidadoso e eficaz.<\/p>\t\t\t\t\t\t\t\t<\/div>\n\t\t\t\t<\/div>\n\t\t\t\t<\/div>\n\t\t<div class=\"elementor-element elementor-element-8a52ecc e-con-full e-flex wpr-particle-no wpr-jarallax-no wpr-parallax-no wpr-sticky-section-no e-con e-child\" data-id=\"8a52ecc\" data-element_type=\"container\">\n\t\t\t\t<div class=\"elementor-element elementor-element-73e5370 elementor-widget__width-inherit elementor-widget elementor-widget-image\" data-id=\"73e5370\" data-element_type=\"widget\" data-widget_type=\"image.default\">\n\t\t\t\t<div class=\"elementor-widget-container\">\n\t\t\t\t\t\t\t\t\t\t\t\t\t\t\t<img decoding=\"async\" width=\"800\" height=\"427\" src=\"https:\/\/psidainfancia.com.br\/wp-content\/uploads\/2025\/04\/quem-sou-eu-3-1024x546.png\" class=\"attachment-large size-large wp-image-15\" alt=\"\" srcset=\"https:\/\/psidainfancia.com.br\/wp-content\/uploads\/2025\/04\/quem-sou-eu-3-1024x546.png 1024w, https:\/\/psidainfancia.com.br\/wp-content\/uploads\/2025\/04\/quem-sou-eu-3-300x160.png 300w, https:\/\/psidainfancia.com.br\/wp-content\/uploads\/2025\/04\/quem-sou-eu-3-768x410.png 768w, https:\/\/psidainfancia.com.br\/wp-content\/uploads\/2025\/04\/quem-sou-eu-3.png 1282w\" sizes=\"(max-width: 800px) 100vw, 800px\" \/>\t\t\t\t\t\t\t\t\t\t\t\t\t\t\t<\/div>\n\t\t\t\t<\/div>\n\t\t\t\t<\/div>\n\t\t\t\t<\/div>\n\t\t\t\t<\/div>\n\t\t","protected":false},"excerpt":{"rendered":"<p>Apoio emocional para crian\u00e7as! Se voc\u00ea chegou at\u00e9 aqui, isso revela que deseja o melhor para seus filhos! Aqui tem atendimento psicol\u00f3gico especializado no desenvolvimento emocional e comportamental saud\u00e1vel das crian\u00e7as do Distrito Federal. Sobre mim \u00a0 Sou Psic\u00f3loga especialista em Terapias Cognitivas e Comportamentais aplicadas \u00e0 inf\u00e2ncia e adolesc\u00eancia. Atuo como psic\u00f3loga cl\u00ednica de crian\u00e7as e adolescentes. Nos atendimentos, agrego diferentes teorias e conhecimentos, como: treinamento de pais, desenvolvimento humano, comunica\u00e7\u00e3o n\u00e3o violenta, t\u00e9cnicas de terapias cognitivas e comportamentais, teoria do apego, entre outras. Eu tenho um compromisso \u00e9tico com meus pacientes e suas fam\u00edlias. Isso inclui n\u00e3o apenas o sigilo profissional, mas tamb\u00e9m a qualidade dos atendimentos &#8211; com recursos e estrat\u00e9gias que levam em conta o desenvolvimento da crian\u00e7a. Para isso, busco o aprimoramento profissional cont\u00ednuo. Isso \u00e9 fundamental para proporcionar um processo terap\u00eautico qualificado, cuidadoso e eficaz.<\/p>\n","protected":false},"author":1,"featured_media":0,"parent":0,"menu_order":0,"comment_status":"closed","ping_status":"closed","template":"elementor_header_footer","meta":{"footnotes":""},"class_list":["post-11","page","type-page","status-publish","hentry"],"_links":{"self":[{"href":"https:\/\/psidainfancia.com.br\/index.php?rest_route=\/wp\/v2\/pages\/11","targetHints":{"allow":["GET"]}}],"collection":[{"href":"https:\/\/psidainfancia.com.br\/index.php?rest_route=\/wp\/v2\/pages"}],"about":[{"href":"https:\/\/psidainfancia.com.br\/index.php?rest_route=\/wp\/v2\/types\/page"}],"author":[{"embeddable":true,"href":"https:\/\/psidainfancia.com.br\/index.php?rest_route=\/wp\/v2\/users\/1"}],"replies":[{"embeddable":true,"href":"https:\/\/psidainfancia.com.br\/index.php?rest_route=%2Fwp%2Fv2%2Fcomments&post=11"}],"version-history":[{"count":5,"href":"https:\/\/psidainfancia.com.br\/index.php?rest_route=\/wp\/v2\/pages\/11\/revisions"}],"predecessor-version":[{"id":235,"href":"https:\/\/psidainfancia.com.br\/index.php?rest_route=\/wp\/v2\/pages\/11\/revisions\/235"}],"wp:attachment":[{"href":"https:\/\/psidainfancia.com.br\/index.php?rest_route=%2Fwp%2Fv2%2Fmedia&parent=11"}],"curies":[{"name":"wp","href":"https:\/\/api.w.org\/{rel}","templated":true}]}}